{"id":1295,"date":"2022-10-27T18:08:28","date_gmt":"2022-10-27T18:08:28","guid":{"rendered":"https:\/\/frances.refugiodelneusa.com\/?page_id=1295"},"modified":"2023-06-13T01:51:17","modified_gmt":"2023-06-13T01:51:17","slug":"politicas-de-mascotas","status":"publish","type":"page","link":"https:\/\/frances.refugiodelneusa.com\/index.php\/politicas-de-mascotas\/","title":{"rendered":"Pol\u00edticas de mascotas"},"content":{"rendered":"\n\n\t<p>POLITIQUES ET R\u00c8GLEMENTS POUR LES ANIMAUX DE COMPAGNIE AU REFUGE<\/p>\n<p>Nous aimons les animaux de compagnie, nous avons les n\u00f4tres aussi et nous savons que votre animal est un membre de votre famille, et nous comprenons que votre voyage ne serait pas le m\u00eame sans lui, c&#8217;est pourquoi nous vous permettons de l&#8217;amener dans le strict respect des r\u00e8gles suivantes :<\/p>\n<p>La d\u00e9tention d&#8217;animaux sauvages ou non est interdite en Colombie, dans notre Refuge nous sommes en accord avec cette r\u00e8gle, de cette fa\u00e7on nous pr\u00e9servons la faune et la s\u00e9curit\u00e9 de nos h\u00f4tes, pour cette raison seuls les animaux domestiques sont autoris\u00e9s.<\/p>\n<p>Depuis le 30 janvier 2017, le gouvernement national a fourni le nouveau code de police qui permet de maintenir l&#8217;ordre \u00e0 travers la loi 746 de 2002, qui vise \u00e0 r\u00e9glementer la possession de chiens dans les zones urbaines et rurales, sur les routes publiques, dans les lieux ouverts au public et les transports publics dans lesquels leur s\u00e9jour est autoris\u00e9. Pour cette raison et en vertu du pr\u00e9sent Code, nous nous r\u00e9servons le droit d&#8217;entr\u00e9e des chiens de grandes races et\/ou appartenant aux races suivantes consid\u00e9r\u00e9es comme potentiellement dangereuses ou \u00e0 leurs croisements ou hybrides : American Staffordshire, Bullmastiff Terrier, Doberman, Dogo Argentino, Dogo de Bordeaux, Fila Brasileiro Neapolitan Mastiff, Pit Bull Terrier, American Pit Bull Terrier, De presa canario, Rottweiler, Staffordshire Terrier Tosa, Japanese Bull Terrier.<\/p>\nUn seul animal de compagnie est autoris\u00e9 dans chaque logement, ou deux petits animaux de compagnie.<br \/>\nL&#8217;h\u00e9bergement d&#8217;un animal de compagnie implique un nettoyage et un entretien quotidien de la cabine plus pouss\u00e9 que d&#8217;habitude, pour cette raison nous devons facturer l&#8217;h\u00e9bergement de votre animal de compagnie selon le tarif de 80.000 COP.<br \/>\nTous les animaux domestiques doivent apporter leur propre lit. Les animaux domestiques ne sont pas autoris\u00e9s \u00e0 grimper ou \u00e0 dormir sur les lits ou sur les meubles de la cabine en g\u00e9n\u00e9ral.<br \/>\nTous les animaux domestiques doivent toujours \u00eatre sous la surveillance de leur propri\u00e9taire ou d&#8217;un adulte responsable. Les animaux domestiques ne sont pas autoris\u00e9s \u00e0 \u00eatre laiss\u00e9s dans la cabane pendant l&#8217;absence des clients.<br \/>\nPour faire une promenade autour du Refugio, vous devez toujours garder votre animal de compagnie avec un collier et une laisse en bon \u00e9tat.<br \/>\nLe propri\u00e9taire est tenu de maintenir l&#8217;animal dans des conditions d&#8217;hygi\u00e8ne et de sant\u00e9.<br \/>\nL&#8217;utilisation d&#8217;assiettes, de verres et d&#8217;autres ustensiles de l&#8217;\u00e9tablissement pour l&#8217;utilisation ou le soin de l&#8217;animal de compagnie n&#8217;est pas autoris\u00e9e.<br \/>\nIl est interdit de brosser les animaux dans les chambres, de les baigner dans les douches ou d&#8217;utiliser les serviettes ou autres \u00e9l\u00e9ments de l&#8217;\u00e9tablissement pour les s\u00e9cher.<br \/>\nLes animaux domestiques ne sont pas autoris\u00e9s \u00e0 faire leurs besoins \u00e0 l&#8217;int\u00e9rieur de la maison, quelle qu&#8217;en soit la raison. Si cela se produit accidentellement, le propri\u00e9taire est responsable du ramassage des excr\u00e9ments et du nettoyage.<br \/>\nLorsque les animaux domestiques font leurs besoins dans les jardins ou les parties communes du refuge, il incombe au propri\u00e9taire de nettoyer et d&#8217;avoir des sacs en plastique pour ramasser les excr\u00e9ments et les d\u00e9poser dans les poubelles rouges.<br \/>\nSi votre animal est un chat, vous devez apporter son griffoir et son bac \u00e0 liti\u00e8re avec suffisamment de liti\u00e8re et une pelle pour le nettoyage.<br \/>\nLes h\u00f4tes sont tenus d&#8217;emp\u00eacher leurs animaux de perturber l&#8217;ordre ou la tranquillit\u00e9 des autres personnes pr\u00e9sentes dans le refuge.<br \/>\nLe propri\u00e9taire doit avoir sur lui le carnet de vaccination \u00e0 jour de l&#8217;animal avec tous les vaccins obligatoires et les donn\u00e9es concernant l&#8217;animal telles que : le nom, la date de naissance afin de v\u00e9rifier les vaccins qu&#8217;il doit avoir selon son \u00e2ge, sa race, sa couleur, son sexe et ses signes particuliers, les coordonn\u00e9es compl\u00e8tes du propri\u00e9taire, du v\u00e9t\u00e9rinaire et le num\u00e9ro d&#8217;historique m\u00e9dical.<br \/>\nNous nous r\u00e9servons le droit de refuser l&#8217;entr\u00e9e aux animaux de compagnie qui pr\u00e9sentent des signes d&#8217;insalubrit\u00e9 ou de maladies potentiellement contagieuses, s&#8217;ils ont un comportement agressif ou s&#8217;ils ne respectent pas les politiques de l&#8217;\u00e9tablissement.<br \/>\nTout dommage ou pr\u00e9judice caus\u00e9 ou imputable \u00e0 l&#8217;animal de compagnie \u00e0 des tiers, \u00e0 des biens, \u00e0 des propri\u00e9t\u00e9s ou \u00e0 tout nouvel am\u00e9nagement qui survient en raison de leur comportement sera \u00e0 la charge du propri\u00e9taire et celui-ci sera tenu de couvrir les frais ou de r\u00e9parer tout dommage r\u00e9sultant pour les personnes, le mobilier, les installations ou la literie et autres, et d\u00e9gagera les employ\u00e9s de l&#8217;\u00e9tablissement de toute responsabilit\u00e9 si l&#8217;animal est bless\u00e9 ou blesse un invit\u00e9 et le propri\u00e9taire sera factur\u00e9 pour les dommages et\/ou les d\u00e9g\u00e2ts caus\u00e9s.<br \/>\nPour votre tranquillit\u00e9 d&#8217;esprit et votre s\u00e9curit\u00e9, veillez \u00e0 ce que votre animal soit muni d&#8217;une m\u00e9daille d&#8217;identification ou d&#8217;une puce \u00e9lectronique.\n<p>Il est dans notre int\u00e9r\u00eat d&#8217;accommoder le client et son animal de compagnie aussi bien que possible, cependant, notre priorit\u00e9 sera toujours les invit\u00e9s, s&#8217;il vous pla\u00eet n&#8217;apportez pas de chiens qui ont l&#8217;habitude d&#8217;aboyer trop fort ou qui sont agressifs envers les personnes ou les autres animaux de compagnie, la plainte de tout invit\u00e9 du refuge sera prise avec le plus grand s\u00e9rieux. L&#8217;espace et la tranquillit\u00e9 des autres h\u00f4tes doivent \u00eatre respect\u00e9s de mani\u00e8re inconditionnelle.<\/p>\n<ul>\n<li>Le fait de s\u00e9journer avec nous implique l&#8217;acceptation de ces r\u00e8gles, nous appr\u00e9cions le strict respect de nos r\u00e8gles, lorsque vous vous enregistrez vous signerez un Acte dans lequel vous acceptez toutes les conditions \u00e9tablies.Taguez-nous sur les r\u00e9seaux sociaux #RefugioDelNeusa @Refugiodelneusa\n<p>Refugio del Neusa 3157660292<\/p>\nLlano Grande &#8211; Tausa Cundinamarca.<\/li>\n<\/ul>\n\n","protected":false},"excerpt":{"rendered":"<p>POLITIQUES ET R\u00c8GLEMENTS POUR LES ANIMAUX DE COMPAGNIE AU REFUGE Nous aimons les animaux de compagnie, nous avons les n\u00f4tres aussi et nous savons que votre animal est un membre de votre famille, et nous comprenons que votre voyage ne serait pas le m\u00eame sans lui, c&#8217;est pourquoi nous vous permettons de l&#8217;amener dans le &hellip;<\/p>\n<p class=\"read-more\"> <a class=\"\" href=\"https:\/\/frances.refugiodelneusa.com\/index.php\/politicas-de-mascotas\/\"> <span class=\"screen-reader-text\">Pol\u00edticas de mascotas<\/span> Leer m\u00e1s &raquo;<\/a><\/p>\n","protected":false},"author":1,"featured_media":0,"parent":0,"menu_order":0,"comment_status":"closed","ping_status":"closed","template":"","meta":{"om_disable_all_campaigns":false,"_monsterinsights_skip_tracking":false,"_monsterinsights_sitenote_active":false,"_monsterinsights_sitenote_note":"","_monsterinsights_sitenote_category":0,"_joinchat":[],"footnotes":""},"aioseo_notices":[],"_links":{"self":[{"href":"https:\/\/frances.refugiodelneusa.com\/index.php\/wp-json\/wp\/v2\/pages\/1295"}],"collection":[{"href":"https:\/\/frances.refugiodelneusa.com\/index.php\/wp-json\/wp\/v2\/pages"}],"about":[{"href":"https:\/\/frances.refugiodelneusa.com\/index.php\/wp-json\/wp\/v2\/types\/page"}],"author":[{"embeddable":true,"href":"https:\/\/frances.refugiodelneusa.com\/index.php\/wp-json\/wp\/v2\/users\/1"}],"replies":[{"embeddable":true,"href":"https:\/\/frances.refugiodelneusa.com\/index.php\/wp-json\/wp\/v2\/comments?post=1295"}],"version-history":[{"count":3,"href":"https:\/\/frances.refugiodelneusa.com\/index.php\/wp-json\/wp\/v2\/pages\/1295\/revisions"}],"predecessor-version":[{"id":1337,"href":"https:\/\/frances.refugiodelneusa.com\/index.php\/wp-json\/wp\/v2\/pages\/1295\/revisions\/1337"}],"wp:attachment":[{"href":"https:\/\/frances.refugiodelneusa.com\/index.php\/wp-json\/wp\/v2\/media?parent=1295"}],"curies":[{"name":"wp","href":"https:\/\/api.w.org\/{rel}","templated":true}]}}